1
What are the prime factors of 22120918?
2, 31, 61, 5849
List the prime factors of 169233889.
11, 59, 260761
What are the prime factors of 103243904?
2, 41, 103, 191
What are the prime factors of 30567382?
2, 431, 35461
List the prime factors of 48950535.
3, 5, 53, 67, 919
What are the prime factors of 40061338?
2, 20030669
What are the prime factors of 634871921?
23, 41, 673247
List the prime factors of 1064843.
13, 101, 811
List the prime factors of 85571979.
3, 28523993
List the prime factors of 583526735.
5, 11, 964507
List the prime factors of 21074084.
2, 17, 479, 647
List the prime factors of 7939782.
2, 3, 17, 31
What are the prime factors of 6965017556?
2, 7, 773, 321799
List the prime factors of 768970941.
3, 61, 4202027
What are the prime factors of 4339575207?
3, 11, 31, 45613
What are the prime factors of 251070543?
3, 9298909
List the prime factors of 64953343.
7, 13, 19, 37567
List the prime factors of 1011923504.
2, 17, 491, 7577
What are the prime factors of 528755720?
2, 5, 13218893
What are the prime factors of 25943662?
2, 12971831
What are the prime factors of 122951415?
3, 5, 41, 199921
What are the prime factors of 598714247?
47, 1901, 6701
List the prime factors of 221517117.
3, 23, 1070131
List the prime factors of 2860899898.
2, 4327, 330587
What are the prime factors of 832265248?
2, 2749, 9461
List the prime factors of 5094214.
2, 2547107
List the prime factors of 126756657.
3, 19, 23, 3581
List the prime factors of 199457829.
3, 569, 12983
List the prime factors of 97049315.
5, 11, 199, 8867
List the prime factors of 272195077.
7, 11, 3535001
List the prime factors of 668578596.
2, 3, 7, 7959269
List the prime factors of 939677989.
939677989
What are the prime factors of 205886868?
2, 3, 11, 1559749
List the prime factors of 902711883.
3, 17, 41, 349, 1237
List the prime factors of 83432672.
2, 2607271
List the prime factors of 4927421074.
2, 6011, 409867
List the prime factors of 3378458921.
3378458921
List the prime factors of 248180437.
173, 193, 7433
List the prime factors of 2128794220.
2, 5, 7, 2172239
List the prime factors of 96979947.
3, 163, 198323
What are the prime factors of 1384504643?
223, 6208541
What are the prime factors of 160371475?
5, 11, 583169
List the prime factors of 482963196.
2, 3, 40246933
What are the prime factors of 75361599?
3, 8373511
What are the prime factors of 19959042?
2, 3, 3326507
What are the prime factors of 99666225?
3, 5, 442961
List the prime factors of 2338328720.
2, 5, 7, 13, 321199
What are the prime factors of 1078101270?
2, 3, 5, 101, 118603
List the prime factors of 7891686367.
1361, 5798447
List the prime factors of 451886060.
2, 5, 23, 73, 13457
What are the prime factors of 279661351?
773, 361787
List the prime factors of 581231855.
5, 89, 1306139
List the prime factors of 249496694.
2, 79, 103, 15331
List the prime factors of 510102583.
510102583
List the prime factors of 172879039.
113, 1529903
What are the prime factors of 276725407?
7, 73, 541537
What are the prime factors of 2183554?
2, 1091777
List the prime factors of 47238065.
5, 7, 983, 1373
What are the prime factors of 168902503?
7, 11, 181, 12119
What are the prime factors of 76803736?
2, 521, 18427
What are the prime factors of 8706515969?
8706515969
What are the prime factors of 36266505?
3, 5, 11, 219797
What are the prime factors of 917995892?
2, 11, 20863543
List the prime factors of 82808965.
5, 137, 120889
What are the prime factors of 746521169?
67, 11142107
List the prime factors of 26954317.
13, 349, 457
List the prime factors of 163917597.
3, 151, 233, 1553
What are the prime factors of 29977474?
2, 29, 37, 61, 229
What are the prime factors of 4023643247?
13, 79, 457, 8573
What are the prime factors of 751161489?
3, 13, 19260551
What are the prime factors of 270853821?
3, 7, 101, 2027
List the prime factors of 1874091749.
1874091749
List the prime factors of 36384957.
3, 7, 64171
List the prime factors of 23264220.
2, 3, 5, 7, 41, 193
List the prime factors of 196096374.
2, 3, 37, 294439
List the prime factors of 210155725.
5, 13, 49741
What are the prime factors of 226710622?
2, 19, 103, 57923
List the prime factors of 559550891.
83, 6741577
What are the prime factors of 218415541?
17, 227, 56599
List the prime factors of 31656492.
2, 3, 7, 125621
List the prime factors of 48585631.
433, 112207
List the prime factors of 40783409.
193, 211313
List the prime factors of 128333338.
2, 7, 9166667
List the prime factors of 634661116.
2, 47, 3375857
List the prime factors of 182144586.
2, 3, 13, 2335187
What are the prime factors of 1069163351?
2311, 462641
List the prime factors of 26134298.
2, 907, 14407
List the prime factors of 64303644.
2, 3, 337, 15901
What are the prime factors of 145452013?
7, 499, 41641
What are the prime factors of 4234936351?
17, 14653759
What are the prime factors of 1325210290?
2, 5, 19, 6974791
List the prime factors of 27813268.
2, 7, 331, 3001
What are the prime factors of 107380322?
2, 7, 7670023
List the prime factors of 15622340.
2, 5, 781117
List the prime factors of 31738639.
149, 293, 727
What are the prime factors of 3385232240?
2, 5, 13, 31, 41, 197
List the prime factors of 29851850.
2, 5, 7, 19, 67
List the prime factors of 282456970.
2, 5, 28245697
What are the prime factors of 15138473?
7, 2162639
List the prime factors of 174614044.
2, 11, 3968501
List the prime factors of 408698936.
2, 2659, 19213
What are the prime factors of 28380492?
2, 3, 7, 112621
What are the prime factors of 3177944261?
31, 102514331
List the prime factors of 2239592919.
3, 746530973
List the prime factors of 63861589.
11, 71, 81769
List the prime factors of 3653209634.
2, 29, 41, 853, 1801
What are the prime factors of 114106553?
11, 47, 220709
What are the prime factors of 33937004?
2, 8484251
List the prime factors of 101112261.
3, 353, 95479
List the prime factors of 5020157277.
3, 1439, 129209
What are the prime factors of 316399518?
2, 3, 17577751
List the prime factors of 457838680.
2, 5, 13, 617, 1427
List the prime factors of 51707417.
19, 2721443
What are the prime factors of 1445472109?
1445472109
What are the prime factors of 637459879?
7, 91065697
List the prime factors of 4191650.
2, 5, 83833
What are the prime factors of 46170570?
2, 3, 5, 19, 81001
List the prime factors of 19241618.
2, 11, 874619
What are the prime factors of 181339633?
2713, 66841
List the prime factors of 46869764.
2, 409, 28649
What are the prime factors of 307835506?
2, 11, 13992523
What are the prime factors of 43615805?
5, 109, 191, 419
What are the prime factors of 8844150259?
7, 43, 29382559
What are the prime factors of 4450011148?
2, 11, 2767, 36551
List the prime factors of 956046927.
3, 11, 103, 281273
List the prime factors of 2074080204.
2, 3, 7, 19, 211, 2053
List the prime factors of 388808529.
3, 129602843
What are the prime factors of 153660592?
2, 101, 95087
What are the prime factors of 3274425226?
2, 2309, 709057
What are the prime factors of 609114694?
2, 43, 337, 21017
What are the prime factors of 28117573?
11, 2556143
List the prime factors of 134163769.
19, 107, 65993
List the prime factors of 72381004.
2, 18095251
List the prime factors of 854005653.
3, 31629839
List the prime factors of 259357307.
11, 23577937
What are the prime factors of 39668998?
2, 19, 1043921
List the prime factors of 124621650.
2, 3, 5, 163, 1699
List the prime factors of 49360863.
3, 16453621
What are the prime factors of 39944948?
2, 29, 344353
What are the prime factors of 400000672?
2, 359, 34819
What are the prime factors of 2311546158?
2, 3, 128419231
What are the prime factors of 7448310?
2, 3, 5, 82759
What are the prime factors of 262710671?
1637, 160483
List the prime factors of 443157656.
2, 43, 1288249
List the prime factors of 4002378710.
2, 5, 11, 263, 12577
What are the prime factors of 27440856?
2, 3, 17, 47, 53
What are the prime factors of 5547305692?
2, 23, 199, 302999
List the prime factors of 50004882.
2, 3, 2778049
What are the prime factors of 822224026?
2, 13, 31624001
What are the prime factors of 337164128?
2, 7, 17, 37, 2393
What are the prime factors of 207341642?
2, 19, 23, 237233
List the prime factors of 68127502.
2, 19, 461, 3889
List the prime factors o